{"id":16327,"date":"2023-04-27T11:16:31","date_gmt":"2023-04-27T10:16:31","guid":{"rendered":"https:\/\/actfestival.com\/?page_id=16327"},"modified":"2023-05-25T13:52:45","modified_gmt":"2023-05-25T12:52:45","slug":"loli","status":"publish","type":"page","link":"https:\/\/actfestival.com\/en\/loli\/","title":{"rendered":"Personas escandalosas que no caben en el mundo &#8211; Orientaci\u00f3n Colectiva Loli"},"content":{"rendered":"<section class=\"l-section wpb_row height_custom\"><div class=\"l-section-h i-cf\"><div class=\"g-cols vc_row via_grid cols_2 laptops-cols_inherit tablets-cols_inherit mobiles-cols_1 valign_top type_default stacking_default\"><div class=\"wpb_column vc_column_container us_custom_6217dcc9\"><div class=\"vc_column-inner\"><div class=\"w-separator size_custom\" style=\"height:35px\"><\/div><div class=\"w-image us_custom_0c6ed40b us_animate_this hide_on_tablets hide_on_mobiles align_none\"><div class=\"w-image-h\"><img decoding=\"async\" width=\"1024\" height=\"697\" src=\"https:\/\/actfestival.com\/wp-content\/uploads\/2023\/05\/loli-1024x697.jpg\" class=\"attachment-large size-large\" alt=\"\" loading=\"lazy\" srcset=\"https:\/\/actfestival.com\/wp-content\/uploads\/2023\/05\/loli-1024x697.jpg 1024w, https:\/\/actfestival.com\/wp-content\/uploads\/2023\/05\/loli-300x204.jpg 300w, https:\/\/actfestival.com\/wp-content\/uploads\/2023\/05\/loli-400x272.jpg 400w, https:\/\/actfestival.com\/wp-content\/uploads\/2023\/05\/loli-588x400.jpg 588w\" sizes=\"auto, (max-width: 1024px) 100vw, 1024px\" \/><\/div><\/div><div class=\"w-image us_custom_82259c9b us_animate_this hide_on_default hide_on_laptops align_none\"><div class=\"w-image-h\"><img decoding=\"async\" width=\"1024\" height=\"697\" src=\"https:\/\/actfestival.com\/wp-content\/uploads\/2023\/05\/loli-1024x697.jpg\" class=\"attachment-large size-large\" alt=\"\" loading=\"lazy\" srcset=\"https:\/\/actfestival.com\/wp-content\/uploads\/2023\/05\/loli-1024x697.jpg 1024w, https:\/\/actfestival.com\/wp-content\/uploads\/2023\/05\/loli-300x204.jpg 300w, https:\/\/actfestival.com\/wp-content\/uploads\/2023\/05\/loli-400x272.jpg 400w, https:\/\/actfestival.com\/wp-content\/uploads\/2023\/05\/loli-588x400.jpg 588w\" sizes=\"auto, (max-width: 1024px) 100vw, 1024px\" \/><\/div><\/div><div class=\"w-separator hide_on_tablets hide_on_mobiles size_custom\" style=\"height:35px\"><\/div><div class=\"w-btn-wrapper align_none hide_on_tablets hide_on_mobiles\"><a class=\"w-btn us-btn-style_1\" target=\"_blank\" rel=\"nofollow\" href=\"https:\/\/tickets.kutxabank.es\/#\/es\/detalle\/020623LOLI@Janto_KB\/20SBBK\/\"><span class=\"w-btn-label\">Book ticket<\/span><\/a><\/div><\/div><\/div><div class=\"wpb_column vc_column_container\"><div class=\"vc_column-inner\"><div class=\"wpb_text_column us_custom_1846d316\"><div class=\"wpb_wrapper\"><p style=\"text-align: left;\"><span style=\"font-family: verdana, geneva, sans-serif; font-size: 24pt;\"><strong>Personas escandalosas que no caben en el mundo<\/strong><\/span><\/p>\n<\/div><\/div><div class=\"w-separator size_custom\" style=\"height:20px\"><\/div><div class=\"wpb_text_column us_custom_e5aea6d2\"><div class=\"wpb_wrapper\"><p><em>It is a party against the culture of homophobia. About gender and identity linked to sexual orientation. It is the story of Xavi born in Zona Franca in the 90&#8217;s who before being the queen of pop, was homophobic.<\/em><\/p>\n<p><em>It is the story of a country that has cornered, silenced and made invisible everything that supposedly incited public scandal.<\/em><br \/>\n<em>Scandal, it&#8217;s a scandal!<\/em><\/p>\n<p><em>A country that has attacked individual and collective freedoms<\/em><br \/>\n<em>that has hidden \/ forgotten \/ censored \/ ridiculed \/ ridiculed \/ forgotten \/ stigmatized \/ opined \/ forgotten \/ judged \/ condemned \/ and forgotten.<\/em><\/p>\n<p><em>(We get intense because it is necessary). Very big issues and some humor too.<\/em><\/p>\n<\/div><\/div><div class=\"w-separator size_custom\" style=\"height:20px\"><\/div><div class=\"wpb_text_column us_custom_5df6a7e2\"><div class=\"wpb_wrapper\"><p><strong>Company<\/strong>: Orientaci\u00f3n Colectiva Loli<br \/>\n<strong>Duration<\/strong>: 60&#8242; Duration: 60&#8242; Duration: 60&#8242; Duration: 60&#8242; Duration: 60&#8242; Duration: 60&#8242; Duration: 60<br \/>\n<strong>Language<\/strong>: Spanish<br \/>\n<strong>Category<\/strong>: Performance<br \/>\n<strong>Origin<\/strong>: Catalunya<br \/>\n<strong>Cast<\/strong>: N\u00faria Planes Llull (Performer); Agn\u00e8s Jabbour Bosacoma (Performer); Xavier Palomino Barbero (Performer); Mario Andr\u00e9s (Lighting &amp; Sound Technician).<\/p>\n<\/div><\/div><div class=\"w-separator size_custom\" style=\"height:20px\"><\/div><div class=\"wpb_text_column us_custom_e5aea6d2\"><div class=\"wpb_wrapper\"><p><strong>They participated in ACT FESTIVAL 2022 with the short version of this piece, winning the ACT Residency award.<\/strong><\/p>\n<p>Anxiolitically <strong>political theater company<\/strong> that was born at the same time as its members were born, because an artist is born, not made.<\/p>\n<p>But it is not until 30 years later that they do not begin to make artistic creations (theater of room, of street, escaperooms, t-shirts, discom\u00f3bil&#8230;).<\/p>\n<p>Every Monday at Loli&#8217;s house in a horizontal cooperative way, feminist, anti-racist, non-practicing vegans but very believers, triangular, star-shaped.<\/p>\n<p>Own scenic language, social and political implication&#8230; blablablabla&#8230; always with a blablablabla in all their blahs.<\/p>\n<\/div><\/div><div class=\"w-separator size_custom\" style=\"height:35px\"><\/div><div class=\"w-btn-wrapper align_left hide_on_default hide_on_laptops\"><a class=\"w-btn us-btn-style_1 us_custom_5244b821 us_animate_this\" target=\"_blank\" rel=\"nofollow\" href=\"https:\/\/tickets.kutxabank.es\/#\/es\/detalle\/020623LOLI@Janto_KB\/20SBBK\/\"><span class=\"w-btn-label\">Book ticket<\/span><\/a><\/div><\/div><\/div><\/div><\/div><\/section>\n","protected":false},"excerpt":{"rendered":"Book ticketPersonas escandalosas que no caben en el mundo It is a party against the culture of homophobia. About gender and identity linked to sexual orientation. It is the story of Xavi born in Zona Franca in the 90&#8217;s who before being the queen of pop, was homophobic. It is the story of a country...","protected":false},"author":1,"featured_media":16579,"parent":0,"menu_order":0,"comment_status":"closed","ping_status":"closed","template":"","meta":{"_acf_changed":false,"footnotes":""},"class_list":["post-16327","page","type-page","status-publish","has-post-thumbnail","hentry"],"acf":[],"_links":{"self":[{"href":"https:\/\/actfestival.com\/en\/wp-json\/wp\/v2\/pages\/16327","targetHints":{"allow":["GET"]}}],"collection":[{"href":"https:\/\/actfestival.com\/en\/wp-json\/wp\/v2\/pages"}],"about":[{"href":"https:\/\/actfestival.com\/en\/wp-json\/wp\/v2\/types\/page"}],"author":[{"embeddable":true,"href":"https:\/\/actfestival.com\/en\/wp-json\/wp\/v2\/users\/1"}],"replies":[{"embeddable":true,"href":"https:\/\/actfestival.com\/en\/wp-json\/wp\/v2\/comments?post=16327"}],"version-history":[{"count":6,"href":"https:\/\/actfestival.com\/en\/wp-json\/wp\/v2\/pages\/16327\/revisions"}],"predecessor-version":[{"id":16630,"href":"https:\/\/actfestival.com\/en\/wp-json\/wp\/v2\/pages\/16327\/revisions\/16630"}],"wp:featuredmedia":[{"embeddable":true,"href":"https:\/\/actfestival.com\/en\/wp-json\/wp\/v2\/media\/16579"}],"wp:attachment":[{"href":"https:\/\/actfestival.com\/en\/wp-json\/wp\/v2\/media?parent=16327"}],"curies":[{"name":"wp","href":"https:\/\/api.w.org\/{rel}","templated":true}]}}

Personas escandalosas que no caben en el mundo &#8211; Orientación Colectiva Loli

<section class="l-section wpb_row height_custom"><div class="l-section-h i-cf"><div class="g-cols vc_row via_grid cols_2 laptops-cols_inherit tablets-cols_inherit mobiles-cols_1 valign_top type_default stacking_default"><div class="wpb_column vc_column_container us_custom_6217dcc9"><div class="vc_column-inner"><div class="w-separator size_custom" style="height:35px"></div><div class="w-image us_custom_0c6ed40b us_animate_this hide_on_tablets hide_on_mobiles align_none"><div class="w-image-h"><img decoding="async" width="1024" height="697" src="https://actfestival.com/wp-content/uploads/2023/05/loli-1024x697.jpg" class="attachment-large size-large" alt="" loading="lazy" srcset="https://actfestival.com/wp-content/uploads/2023/05/loli-1024x697.jpg 1024w, https://actfestival.com/wp-content/uploads/2023/05/loli-300x204.jpg 300w, https://actfestival.com/wp-content/uploads/2023/05/loli-400x272.jpg 400w, https://actfestival.com/wp-content/uploads/2023/05/loli-588x400.jpg 588w" sizes="auto, (max-width: 1024px) 100vw, 1024px" /></div></div><div class="w-image us_custom_82259c9b us_animate_this hide_on_default hide_on_laptops align_none"><div class="w-image-h"><img decoding="async" width="1024" height="697" src="https://actfestival.com/wp-content/uploads/2023/05/loli-1024x697.jpg" class="attachment-large size-large" alt="" loading="lazy" srcset="https://actfestival.com/wp-content/uploads/2023/05/loli-1024x697.jpg 1024w, https://actfestival.com/wp-content/uploads/2023/05/loli-300x204.jpg 300w, https://actfestival.com/wp-content/uploads/2023/05/loli-400x272.jpg 400w, https://actfestival.com/wp-content/uploads/2023/05/loli-588x400.jpg 588w" sizes="auto, (max-width: 1024px) 100vw, 1024px" /></div></div><div class="w-separator hide_on_tablets hide_on_mobiles size_custom" style="height:35px"></div><div class="w-btn-wrapper align_none hide_on_tablets hide_on_mobiles"><a class="w-btn us-btn-style_1" target="_blank" rel="nofollow" href="https://tickets.kutxabank.es/#/es/detalle/020623LOLI@Janto_KB/20SBBK/"><span class="w-btn-label">Book ticket</span></a></div></div></div><div class="wpb_column vc_column_container"><div class="vc_column-inner"><div class="wpb_text_column us_custom_1846d316"><div class="wpb_wrapper"><p style="text-align: left;"><span style="font-family: verdana, geneva, sans-serif; font-size: 24pt;"><strong>Personas escandalosas que no caben en el mundo</strong></span></p>
</div></div><div class="w-separator size_custom" style="height:20px"></div><div class="wpb_text_column us_custom_e5aea6d2"><div class="wpb_wrapper"><p><em>It is a party against the culture of homophobia. About gender and identity linked to sexual orientation. It is the story of Xavi born in Zona Franca in the 90&#8217;s who before being the queen of pop, was homophobic.</em></p>
<p><em>It is the story of a country that has cornered, silenced and made invisible everything that supposedly incited public scandal.</em><br />
<em>Scandal, it&#8217;s a scandal!</em></p>
<p><em>A country that has attacked individual and collective freedoms</em><br />
<em>that has hidden / forgotten / censored / ridiculed / ridiculed / forgotten / stigmatized / opined / forgotten / judged / condemned / and forgotten.</em></p>
<p><em>(We get intense because it is necessary). Very big issues and some humor too.</em></p>
</div></div><div class="w-separator size_custom" style="height:20px"></div><div class="wpb_text_column us_custom_5df6a7e2"><div class="wpb_wrapper"><p><strong>Company</strong>: Orientación Colectiva Loli<br />
<strong>Duration</strong>: 60&#8242; Duration: 60&#8242; Duration: 60&#8242; Duration: 60&#8242; Duration: 60&#8242; Duration: 60&#8242; Duration: 60<br />
<strong>Language</strong>: Spanish<br />
<strong>Category</strong>: Performance<br />
<strong>Origin</strong>: Catalunya<br />
<strong>Cast</strong>: Núria Planes Llull (Performer); Agnès Jabbour Bosacoma (Performer); Xavier Palomino Barbero (Performer); Mario Andrés (Lighting &amp; Sound Technician).</p>
</div></div><div class="w-separator size_custom" style="height:20px"></div><div class="wpb_text_column us_custom_e5aea6d2"><div class="wpb_wrapper"><p><strong>They participated in ACT FESTIVAL 2022 with the short version of this piece, winning the ACT Residency award.</strong></p>
<p>Anxiolitically <strong>political theater company</strong> that was born at the same time as its members were born, because an artist is born, not made.</p>
<p>But it is not until 30 years later that they do not begin to make artistic creations (theater of room, of street, escaperooms, t-shirts, discomóbil&#8230;).</p>
<p>Every Monday at Loli&#8217;s house in a horizontal cooperative way, feminist, anti-racist, non-practicing vegans but very believers, triangular, star-shaped.</p>
<p>Own scenic language, social and political implication&#8230; blablablabla&#8230; always with a blablablabla in all their blahs.</p>
</div></div><div class="w-separator size_custom" style="height:35px"></div><div class="w-btn-wrapper align_left hide_on_default hide_on_laptops"><a class="w-btn us-btn-style_1 us_custom_5244b821 us_animate_this" target="_blank" rel="nofollow" href="https://tickets.kutxabank.es/#/es/detalle/020623LOLI@Janto_KB/20SBBK/"><span class="w-btn-label">Book ticket</span></a></div></div></div></div></div></section>
