{"id":16363,"date":"2023-05-09T10:10:27","date_gmt":"2023-05-09T09:10:27","guid":{"rendered":"https:\/\/actfestival.com\/?page_id=16363"},"modified":"2023-05-25T13:45:50","modified_gmt":"2023-05-25T12:45:50","slug":"pampara","status":"publish","type":"page","link":"https:\/\/actfestival.com\/en\/pampara\/","title":{"rendered":"La camaleona y la p\u00e1mpara. Una historia en moto &#8211; BAI"},"content":{"rendered":"<section class=\"l-section wpb_row height_custom\"><div class=\"l-section-h i-cf\"><div class=\"g-cols vc_row via_grid cols_2 laptops-cols_inherit tablets-cols_inherit mobiles-cols_1 valign_top type_default stacking_default\"><div class=\"wpb_column vc_column_container us_custom_6217dcc9\"><div class=\"vc_column-inner\"><div class=\"w-separator size_custom\" style=\"height:35px\"><\/div><div class=\"w-image us_custom_0c6ed40b us_animate_this hide_on_tablets hide_on_mobiles align_none\"><div class=\"w-image-h\"><img decoding=\"async\" width=\"1024\" height=\"697\" src=\"https:\/\/actfestival.com\/wp-content\/uploads\/2023\/05\/pampara-1024x697.jpg\" class=\"attachment-large size-large\" alt=\"\" loading=\"lazy\" srcset=\"https:\/\/actfestival.com\/wp-content\/uploads\/2023\/05\/pampara-1024x697.jpg 1024w, https:\/\/actfestival.com\/wp-content\/uploads\/2023\/05\/pampara-300x204.jpg 300w, https:\/\/actfestival.com\/wp-content\/uploads\/2023\/05\/pampara-400x272.jpg 400w, https:\/\/actfestival.com\/wp-content\/uploads\/2023\/05\/pampara-588x400.jpg 588w\" sizes=\"auto, (max-width: 1024px) 100vw, 1024px\" \/><\/div><\/div><div class=\"w-image us_custom_82259c9b us_animate_this hide_on_default hide_on_laptops align_none\"><div class=\"w-image-h\"><img decoding=\"async\" width=\"1024\" height=\"697\" src=\"https:\/\/actfestival.com\/wp-content\/uploads\/2023\/05\/pampara-1024x697.jpg\" class=\"attachment-large size-large\" alt=\"\" loading=\"lazy\" srcset=\"https:\/\/actfestival.com\/wp-content\/uploads\/2023\/05\/pampara-1024x697.jpg 1024w, https:\/\/actfestival.com\/wp-content\/uploads\/2023\/05\/pampara-300x204.jpg 300w, https:\/\/actfestival.com\/wp-content\/uploads\/2023\/05\/pampara-400x272.jpg 400w, https:\/\/actfestival.com\/wp-content\/uploads\/2023\/05\/pampara-588x400.jpg 588w\" sizes=\"auto, (max-width: 1024px) 100vw, 1024px\" \/><\/div><\/div><div class=\"w-separator hide_on_tablets hide_on_mobiles size_custom\" style=\"height:35px\"><\/div><div class=\"w-btn-wrapper align_none hide_on_tablets hide_on_mobiles\"><a class=\"w-btn us-btn-style_1\" href=\"#\"><span class=\"w-btn-label\">Free<\/span><\/a><\/div><\/div><\/div><div class=\"wpb_column vc_column_container\"><div class=\"vc_column-inner\"><div class=\"wpb_text_column us_custom_1846d316\"><div class=\"wpb_wrapper\"><p style=\"text-align: left;\"><span style=\"font-family: verdana, geneva, sans-serif; font-size: 24pt;\"><strong>Las Camaleona y la P\u00e1mpara. Una historia sobre ruedas.<\/strong><\/span><\/p>\n<\/div><\/div><div class=\"w-separator size_custom\" style=\"height:20px\"><\/div><div class=\"wpb_text_column us_custom_e5aea6d2\"><div class=\"wpb_wrapper\"><p><em>Within the framework of the special courses celebrating the 20th anniversary of ACT, the 3rd and 4th year students, guided by Fernando Montoya, have worked on the creation and new dramaturgies in BAI Eskola. The work they present is the result of this process: a story built from text and music, and the images they generate; with classical elements such as the Greek chorus and contemporary, such as the chosen language.<\/em><\/p>\n<p><em>This is the story of the Camaleona and the P\u00e1mpara, a divertimento that is acted on fragments of 16 songs. We hope you enjoy it.<\/em><\/p>\n<\/div><\/div><div class=\"w-separator size_custom\" style=\"height:20px\"><\/div><div class=\"wpb_text_column us_custom_5df6a7e2\"><div class=\"wpb_wrapper\"><p><span style=\"font-family: verdana, geneva, sans-serif; font-size: 12pt;\"><b>Company<\/b><span style=\"font-weight: 400;\">: BAI Eskolako 3. eta 4. mailako ikasleak<\/span><\/span><br \/>\n<span style=\"font-family: verdana, geneva, sans-serif; font-size: 12pt;\"><b>Duration: <\/b>20\u2019<\/span><br \/>\n<span style=\"font-family: verdana, geneva, sans-serif; font-size: 12pt;\"><b>Language:<\/b> <span style=\"font-weight: 400;\">Without text<\/span><\/span><br \/>\n<span style=\"font-family: verdana, geneva, sans-serif; font-size: 12pt;\"><strong>Category<\/strong>: Theatre<\/span><br \/>\n<span style=\"font-family: verdana, geneva, sans-serif; font-size: 12pt;\"><b>Origin<\/b><span style=\"font-weight: 400;\">: Basque Country<\/span><\/span><br \/>\n<span style=\"font-family: verdana, geneva, sans-serif; font-size: 12pt;\"><b>Cast: <\/b>Dramaturgy, Direction: <\/span><span style=\"font-weight: 400; font-family: verdana, geneva, sans-serif;\">Fernando Montoya; Interpretation: Yaricsa Ampudia, Alazne Andr\u00e9s, Daniela Becerra, Haizea Beltr\u00e1n, Enara Dominguez, Jon Ander Fern\u00e1ndez, Patricia Higuera, Natalie Le Du, Mar\u00eda L\u00f3pez, Yan Pinto, Maialen Torre, Aritz Udaondo, Sara del Valle, Markel V\u00e1zquez.<\/span><\/p>\n<\/div><\/div><div class=\"w-separator size_custom\" style=\"height:35px\"><\/div><div class=\"w-btn-wrapper align_left hide_on_default hide_on_laptops\"><a class=\"w-btn us-btn-style_1 us_custom_5244b821 us_animate_this\" href=\"#\"><span class=\"w-btn-label\">Free<\/span><\/a><\/div><\/div><\/div><\/div><\/div><\/section>\n","protected":false},"excerpt":{"rendered":"FreeLas Camaleona y la P\u00e1mpara. Una historia sobre ruedas. Within the framework of the special courses celebrating the 20th anniversary of ACT, the 3rd and 4th year students, guided by Fernando Montoya, have worked on the creation and new dramaturgies in BAI Eskola. The work they present is the result of this process: a story...","protected":false},"author":1,"featured_media":16529,"parent":0,"menu_order":0,"comment_status":"closed","ping_status":"closed","template":"","meta":{"_acf_changed":false,"footnotes":""},"class_list":["post-16363","page","type-page","status-publish","has-post-thumbnail","hentry"],"acf":[],"_links":{"self":[{"href":"https:\/\/actfestival.com\/en\/wp-json\/wp\/v2\/pages\/16363","targetHints":{"allow":["GET"]}}],"collection":[{"href":"https:\/\/actfestival.com\/en\/wp-json\/wp\/v2\/pages"}],"about":[{"href":"https:\/\/actfestival.com\/en\/wp-json\/wp\/v2\/types\/page"}],"author":[{"embeddable":true,"href":"https:\/\/actfestival.com\/en\/wp-json\/wp\/v2\/users\/1"}],"replies":[{"embeddable":true,"href":"https:\/\/actfestival.com\/en\/wp-json\/wp\/v2\/comments?post=16363"}],"version-history":[{"count":4,"href":"https:\/\/actfestival.com\/en\/wp-json\/wp\/v2\/pages\/16363\/revisions"}],"predecessor-version":[{"id":16618,"href":"https:\/\/actfestival.com\/en\/wp-json\/wp\/v2\/pages\/16363\/revisions\/16618"}],"wp:featuredmedia":[{"embeddable":true,"href":"https:\/\/actfestival.com\/en\/wp-json\/wp\/v2\/media\/16529"}],"wp:attachment":[{"href":"https:\/\/actfestival.com\/en\/wp-json\/wp\/v2\/media?parent=16363"}],"curies":[{"name":"wp","href":"https:\/\/api.w.org\/{rel}","templated":true}]}}

La camaleona y la pámpara. Una historia en moto &#8211; BAI

<section class="l-section wpb_row height_custom"><div class="l-section-h i-cf"><div class="g-cols vc_row via_grid cols_2 laptops-cols_inherit tablets-cols_inherit mobiles-cols_1 valign_top type_default stacking_default"><div class="wpb_column vc_column_container us_custom_6217dcc9"><div class="vc_column-inner"><div class="w-separator size_custom" style="height:35px"></div><div class="w-image us_custom_0c6ed40b us_animate_this hide_on_tablets hide_on_mobiles align_none"><div class="w-image-h"><img decoding="async" width="1024" height="697" src="https://actfestival.com/wp-content/uploads/2023/05/pampara-1024x697.jpg" class="attachment-large size-large" alt="" loading="lazy" srcset="https://actfestival.com/wp-content/uploads/2023/05/pampara-1024x697.jpg 1024w, https://actfestival.com/wp-content/uploads/2023/05/pampara-300x204.jpg 300w, https://actfestival.com/wp-content/uploads/2023/05/pampara-400x272.jpg 400w, https://actfestival.com/wp-content/uploads/2023/05/pampara-588x400.jpg 588w" sizes="auto, (max-width: 1024px) 100vw, 1024px" /></div></div><div class="w-image us_custom_82259c9b us_animate_this hide_on_default hide_on_laptops align_none"><div class="w-image-h"><img decoding="async" width="1024" height="697" src="https://actfestival.com/wp-content/uploads/2023/05/pampara-1024x697.jpg" class="attachment-large size-large" alt="" loading="lazy" srcset="https://actfestival.com/wp-content/uploads/2023/05/pampara-1024x697.jpg 1024w, https://actfestival.com/wp-content/uploads/2023/05/pampara-300x204.jpg 300w, https://actfestival.com/wp-content/uploads/2023/05/pampara-400x272.jpg 400w, https://actfestival.com/wp-content/uploads/2023/05/pampara-588x400.jpg 588w" sizes="auto, (max-width: 1024px) 100vw, 1024px" /></div></div><div class="w-separator hide_on_tablets hide_on_mobiles size_custom" style="height:35px"></div><div class="w-btn-wrapper align_none hide_on_tablets hide_on_mobiles"><a class="w-btn us-btn-style_1" href="#"><span class="w-btn-label">Free</span></a></div></div></div><div class="wpb_column vc_column_container"><div class="vc_column-inner"><div class="wpb_text_column us_custom_1846d316"><div class="wpb_wrapper"><p style="text-align: left;"><span style="font-family: verdana, geneva, sans-serif; font-size: 24pt;"><strong>Las Camaleona y la Pámpara. Una historia sobre ruedas.</strong></span></p>
</div></div><div class="w-separator size_custom" style="height:20px"></div><div class="wpb_text_column us_custom_e5aea6d2"><div class="wpb_wrapper"><p><em>Within the framework of the special courses celebrating the 20th anniversary of ACT, the 3rd and 4th year students, guided by Fernando Montoya, have worked on the creation and new dramaturgies in BAI Eskola. The work they present is the result of this process: a story built from text and music, and the images they generate; with classical elements such as the Greek chorus and contemporary, such as the chosen language.</em></p>
<p><em>This is the story of the Camaleona and the Pámpara, a divertimento that is acted on fragments of 16 songs. We hope you enjoy it.</em></p>
</div></div><div class="w-separator size_custom" style="height:20px"></div><div class="wpb_text_column us_custom_5df6a7e2"><div class="wpb_wrapper"><p><span style="font-family: verdana, geneva, sans-serif; font-size: 12pt;"><b>Company</b><span style="font-weight: 400;">: BAI Eskolako 3. eta 4. mailako ikasleak</span></span><br />
<span style="font-family: verdana, geneva, sans-serif; font-size: 12pt;"><b>Duration: </b>20’</span><br />
<span style="font-family: verdana, geneva, sans-serif; font-size: 12pt;"><b>Language:</b> <span style="font-weight: 400;">Without text</span></span><br />
<span style="font-family: verdana, geneva, sans-serif; font-size: 12pt;"><strong>Category</strong>: Theatre</span><br />
<span style="font-family: verdana, geneva, sans-serif; font-size: 12pt;"><b>Origin</b><span style="font-weight: 400;">: Basque Country</span></span><br />
<span style="font-family: verdana, geneva, sans-serif; font-size: 12pt;"><b>Cast: </b>Dramaturgy, Direction: </span><span style="font-weight: 400; font-family: verdana, geneva, sans-serif;">Fernando Montoya; Interpretation: Yaricsa Ampudia, Alazne Andrés, Daniela Becerra, Haizea Beltrán, Enara Dominguez, Jon Ander Fernández, Patricia Higuera, Natalie Le Du, María López, Yan Pinto, Maialen Torre, Aritz Udaondo, Sara del Valle, Markel Vázquez.</span></p>
</div></div><div class="w-separator size_custom" style="height:35px"></div><div class="w-btn-wrapper align_left hide_on_default hide_on_laptops"><a class="w-btn us-btn-style_1 us_custom_5244b821 us_animate_this" href="#"><span class="w-btn-label">Free</span></a></div></div></div></div></div></section>

FreeLas Camaleona y la Pámpara. Una historia sobre ruedas. Within the framework of the special courses celebrating the 20th anniversary of ACT, the 3rd and 4th year students, guided by Fernando Montoya, have worked on the creation and new dramaturgies in BAI Eskola. The work they present is the result of this process: a story...
