{"id":19114,"date":"2025-04-17T08:05:19","date_gmt":"2025-04-17T07:05:19","guid":{"rendered":"https:\/\/actfestival.com\/?page_id=19114"},"modified":"2025-06-02T15:29:56","modified_gmt":"2025-06-02T14:29:56","slug":"re-garde","status":"publish","type":"page","link":"https:\/\/actfestival.com\/en\/re-garde\/","title":{"rendered":"Re-garde"},"content":{"rendered":"<section class=\"l-section wpb_row height_custom\"><div class=\"l-section-h i-cf\"><div class=\"g-cols vc_row via_grid cols_2 laptops-cols_inherit tablets-cols_inherit mobiles-cols_1 valign_top type_default stacking_default\"><div class=\"wpb_column vc_column_container\"><div class=\"vc_column-inner\"><div class=\"w-separator size_custom\" style=\"height:35px\"><\/div><div class=\"w-btn-wrapper align_none\"><a class=\"w-btn us-btn-style_30\" href=\"https:\/\/vimeo.com\/1069769016\"><span class=\"w-btn-label\">TEASER<\/span><\/a><\/div><div class=\"w-image align_none\"><div class=\"w-image-h\"><img decoding=\"async\" width=\"1024\" height=\"683\" src=\"https:\/\/actfestival.com\/wp-content\/uploads\/2025\/04\/re-garde-1024x683.jpg\" class=\"attachment-large size-large\" alt=\"\" loading=\"lazy\" srcset=\"https:\/\/actfestival.com\/wp-content\/uploads\/2025\/04\/re-garde-1024x683.jpg 1024w, https:\/\/actfestival.com\/wp-content\/uploads\/2025\/04\/re-garde-300x200.jpg 300w, https:\/\/actfestival.com\/wp-content\/uploads\/2025\/04\/re-garde-400x267.jpg 400w, https:\/\/actfestival.com\/wp-content\/uploads\/2025\/04\/re-garde-600x400.jpg 600w\" sizes=\"auto, (max-width: 1024px) 100vw, 1024px\" \/><\/div><\/div><div class=\"w-separator size_custom\" style=\"height:20px\"><\/div><div class=\"wpb_text_column\"><div class=\"wpb_wrapper\"><p><strong>\u00a07\u00a0 June 12.00 GUGGENHEIM<\/strong><\/p>\n<p><a href=\"http:\/\/www.ciemaximefrancesco.com\">www.ciemaximefrancesco.com<\/a><br \/>\n<a href=\"http:\/\/@_compagnie_mf\">@_compagnie_mf<\/a><br \/>\n<a href=\"http:\/\/www.facebook.com\/compagnieMF\/\">www.facebook.com\/compagnieMF\/<\/a><\/p>\n<\/div><\/div><\/div><\/div><div class=\"wpb_column vc_column_container\"><div class=\"vc_column-inner\"><div class=\"wpb_text_column\"><div class=\"wpb_wrapper\"><p><strong><span style=\"font-family: verdana, geneva, sans-serif;\">Cie MF | Maxime &amp; Francesco \/ France<\/span><\/strong><\/p>\n<p><strong>Re-Garde<\/strong> focuses on the sense of sight. It&#8217;s an innocent, clear-sighted way of looking at things and ironically enjoying\u00a0 life. A child&#8217;s observation, unconditioned and free to express and assert itself. Two men, mirrors of their projections, are ready to receive, to give or to lose, to be manipulated, provoked or abandoned.<br \/>\nThe alternation between opposing binomials allows one to cross the delicate boundaries that separate youth from old age, in a time suspended between gesture and poetry.<\/p>\n<\/div><\/div><div class=\"w-separator size_custom\" style=\"height:20px\"><\/div><div class=\"wpb_text_column\"><div class=\"wpb_wrapper\"><p><span style=\"font-family: verdana, geneva, sans-serif; font-size: 12pt;\"><b>Company<\/b><span style=\"font-weight: 400;\">: Cie MF | Maxime &amp; Francesco<\/span><\/span><br \/>\n<span style=\"font-family: verdana, geneva, sans-serif; font-size: 12pt;\"><b>Duration: <\/b>20\u2019<\/span><br \/>\n<span style=\"font-family: verdana, geneva, sans-serif; font-size: 12pt;\"><strong>Category<\/strong>: Danza contempor\u00e1nea<\/span><br \/>\n<span style=\"font-family: verdana, geneva, sans-serif; font-size: 12pt;\"><b>Origin<\/b><span style=\"font-weight: 400;\">: Francia<\/span><\/span><br \/>\n<span style=\"font-family: verdana, geneva, sans-serif; font-size: 12pt;\"><b>Cast: <\/b>Francesco Colaleo (bailar\u00edn, director core\u00f3grafo ); Maxime Freixas (bailar\u00edn, director<br \/>\ncore\u00f3grafo); Benjamin Forgues (t\u00e9cnico, dise\u00f1ador de luces <b>)<\/b><\/span><\/p>\n<p><strong>Cie MF | Maxime &amp; Francesco<\/strong> Francesco is a contemporary dance and physical theater company<br \/>\nbased in Lyon. Its founders are M|Maxime Freixas and F|Francesco Colaleo, choreographers, performers and dance teachers.<br \/>\nTheir work focuses on the humorous exploration of the body, rhythm and space. They defend and question the relationship with the public, so that the artistic proposal is accessible to everyone.<\/p>\n<\/div><\/div><div class=\"w-separator size_custom\" style=\"height:20px\"><\/div><div class=\"w-separator size_custom\" style=\"height:20px\"><\/div><\/div><\/div><\/div><\/div><\/section>\n","protected":false},"excerpt":{"rendered":"TEASER\u00a07\u00a0 June 12.00 GUGGENHEIM www.ciemaximefrancesco.com @_compagnie_mf www.facebook.com\/compagnieMF\/ Cie MF | Maxime &amp; Francesco \/ France Re-Garde focuses on the sense of sight. It&#8217;s an innocent, clear-sighted way of looking at things and ironically enjoying\u00a0 life. A child&#8217;s observation, unconditioned and free to express and assert itself. Two men, mirrors of their projections, are ready to...","protected":false},"author":1,"featured_media":19102,"parent":0,"menu_order":0,"comment_status":"closed","ping_status":"closed","template":"","meta":{"_acf_changed":false,"footnotes":""},"class_list":["post-19114","page","type-page","status-publish","has-post-thumbnail","hentry"],"acf":[],"_links":{"self":[{"href":"https:\/\/actfestival.com\/en\/wp-json\/wp\/v2\/pages\/19114","targetHints":{"allow":["GET"]}}],"collection":[{"href":"https:\/\/actfestival.com\/en\/wp-json\/wp\/v2\/pages"}],"about":[{"href":"https:\/\/actfestival.com\/en\/wp-json\/wp\/v2\/types\/page"}],"author":[{"embeddable":true,"href":"https:\/\/actfestival.com\/en\/wp-json\/wp\/v2\/users\/1"}],"replies":[{"embeddable":true,"href":"https:\/\/actfestival.com\/en\/wp-json\/wp\/v2\/comments?post=19114"}],"version-history":[{"count":10,"href":"https:\/\/actfestival.com\/en\/wp-json\/wp\/v2\/pages\/19114\/revisions"}],"predecessor-version":[{"id":20320,"href":"https:\/\/actfestival.com\/en\/wp-json\/wp\/v2\/pages\/19114\/revisions\/20320"}],"wp:featuredmedia":[{"embeddable":true,"href":"https:\/\/actfestival.com\/en\/wp-json\/wp\/v2\/media\/19102"}],"wp:attachment":[{"href":"https:\/\/actfestival.com\/en\/wp-json\/wp\/v2\/media?parent=19114"}],"curies":[{"name":"wp","href":"https:\/\/api.w.org\/{rel}","templated":true}]}}

<section class="l-section wpb_row height_custom"><div class="l-section-h i-cf"><div class="g-cols vc_row via_grid cols_2 laptops-cols_inherit tablets-cols_inherit mobiles-cols_1 valign_top type_default stacking_default"><div class="wpb_column vc_column_container"><div class="vc_column-inner"><div class="w-separator size_custom" style="height:35px"></div><div class="w-btn-wrapper align_none"><a class="w-btn us-btn-style_30" href="https://vimeo.com/1069769016"><span class="w-btn-label">TEASER</span></a></div><div class="w-image align_none"><div class="w-image-h"><img decoding="async" width="1024" height="683" src="https://actfestival.com/wp-content/uploads/2025/04/re-garde-1024x683.jpg" class="attachment-large size-large" alt="" loading="lazy" srcset="https://actfestival.com/wp-content/uploads/2025/04/re-garde-1024x683.jpg 1024w, https://actfestival.com/wp-content/uploads/2025/04/re-garde-300x200.jpg 300w, https://actfestival.com/wp-content/uploads/2025/04/re-garde-400x267.jpg 400w, https://actfestival.com/wp-content/uploads/2025/04/re-garde-600x400.jpg 600w" sizes="auto, (max-width: 1024px) 100vw, 1024px" /></div></div><div class="w-separator size_custom" style="height:20px"></div><div class="wpb_text_column"><div class="wpb_wrapper"><p><strong> 7  June 12.00 GUGGENHEIM</strong></p>
<p><a href="http://www.ciemaximefrancesco.com">www.ciemaximefrancesco.com</a><br />
<a href="http://@_compagnie_mf">@_compagnie_mf</a><br />
<a href="http://www.facebook.com/compagnieMF/">www.facebook.com/compagnieMF/</a></p>
</div></div></div></div><div class="wpb_column vc_column_container"><div class="vc_column-inner"><div class="wpb_text_column"><div class="wpb_wrapper"><p><strong><span style="font-family: verdana, geneva, sans-serif;">Cie MF | Maxime &amp; Francesco / France</span></strong></p>
<p><strong>Re-Garde</strong> focuses on the sense of sight. It&#8217;s an innocent, clear-sighted way of looking at things and ironically enjoying  life. A child&#8217;s observation, unconditioned and free to express and assert itself. Two men, mirrors of their projections, are ready to receive, to give or to lose, to be manipulated, provoked or abandoned.<br />
The alternation between opposing binomials allows one to cross the delicate boundaries that separate youth from old age, in a time suspended between gesture and poetry.</p>
</div></div><div class="w-separator size_custom" style="height:20px"></div><div class="wpb_text_column"><div class="wpb_wrapper"><p><span style="font-family: verdana, geneva, sans-serif; font-size: 12pt;"><b>Company</b><span style="font-weight: 400;">: Cie MF | Maxime &amp; Francesco</span></span><br />
<span style="font-family: verdana, geneva, sans-serif; font-size: 12pt;"><b>Duration: </b>20’</span><br />
<span style="font-family: verdana, geneva, sans-serif; font-size: 12pt;"><strong>Category</strong>: Danza contemporánea</span><br />
<span style="font-family: verdana, geneva, sans-serif; font-size: 12pt;"><b>Origin</b><span style="font-weight: 400;">: Francia</span></span><br />
<span style="font-family: verdana, geneva, sans-serif; font-size: 12pt;"><b>Cast: </b>Francesco Colaleo (bailarín, director coreógrafo ); Maxime Freixas (bailarín, director<br />
coreógrafo); Benjamin Forgues (técnico, diseñador de luces <b>)</b></span></p>
<p><strong>Cie MF | Maxime &amp; Francesco</strong> Francesco is a contemporary dance and physical theater company<br />
based in Lyon. Its founders are M|Maxime Freixas and F|Francesco Colaleo, choreographers, performers and dance teachers.<br />
Their work focuses on the humorous exploration of the body, rhythm and space. They defend and question the relationship with the public, so that the artistic proposal is accessible to everyone.</p>
</div></div><div class="w-separator size_custom" style="height:20px"></div><div class="w-separator size_custom" style="height:20px"></div></div></div></div></div></section>
