{"id":19661,"date":"2025-04-17T12:49:28","date_gmt":"2025-04-17T11:49:28","guid":{"rendered":"https:\/\/actfestival.com\/?page_id=19661"},"modified":"2025-05-13T11:29:44","modified_gmt":"2025-05-13T10:29:44","slug":"mantra-by-night","status":"publish","type":"page","link":"https:\/\/actfestival.com\/en\/mantra-by-night\/","title":{"rendered":"Mantra by Night"},"content":{"rendered":"<section class=\"l-section wpb_row height_custom\"><div class=\"l-section-h i-cf\"><div class=\"g-cols vc_row via_grid cols_2 laptops-cols_inherit tablets-cols_inherit mobiles-cols_1 valign_top type_default stacking_default\"><div class=\"wpb_column vc_column_container\"><div class=\"vc_column-inner\"><div class=\"w-separator size_custom\" style=\"height:35px\"><\/div><div class=\"w-image align_none\"><div class=\"w-image-h\"><img decoding=\"async\" width=\"1024\" height=\"657\" src=\"https:\/\/actfestival.com\/wp-content\/uploads\/2025\/04\/MANTRA-1-1024x657.jpg\" class=\"attachment-large size-large\" alt=\"\" loading=\"lazy\" srcset=\"https:\/\/actfestival.com\/wp-content\/uploads\/2025\/04\/MANTRA-1-1024x657.jpg 1024w, https:\/\/actfestival.com\/wp-content\/uploads\/2025\/04\/MANTRA-1-300x192.jpg 300w, https:\/\/actfestival.com\/wp-content\/uploads\/2025\/04\/MANTRA-1-400x257.jpg 400w, https:\/\/actfestival.com\/wp-content\/uploads\/2025\/04\/MANTRA-1-600x385.jpg 600w\" sizes=\"auto, (max-width: 1024px) 100vw, 1024px\" \/><\/div><\/div><div class=\"w-separator size_custom\" style=\"height:20px\"><\/div><div class=\"wpb_text_column\"><div class=\"wpb_wrapper\"><p><strong> June 5th\u00a0 20.30 CAMPOS_KUPULA<\/strong><\/p>\n<p><a href=\"https:\/\/vvvenereaaa.com\/\">https:\/\/vvvenereaaa.com\/<\/a><\/p>\n<p><a href=\"https:\/\/www.instagram.com\/vvvenereaaa\/\">@vvvenereaaa<\/a><\/p>\n<\/div><\/div><\/div><\/div><div class=\"wpb_column vc_column_container\"><div class=\"vc_column-inner\"><div class=\"wpb_text_column\"><div class=\"wpb_wrapper\"><p><span style=\"font-size: 14pt;\"><strong><span style=\"font-family: verdana, geneva, sans-serif;\">Ven\u00e9rea \/ Valencia- Euskal Herria<\/span><\/strong><\/span><\/p>\n<p>With<strong> Mantra By Night <\/strong><span style=\"font-weight: 400;\">mysticism, movement and frequency converge in a delicate rite of nocturnal flowering, where past and future merge into a single present moment.\u00a0 <\/span><\/p>\n<p><span style=\"font-weight: 400;\">Two bodies that decide to descend into their inner selves, and in their first steps towards the great below, they encounter a complex encrypted mantra. How do these bodies transform during the scene? Will they manage to free themselves from the beautiful artifice that envelops them?<\/span><\/p>\n<\/div><\/div><div class=\"w-separator size_custom\" style=\"height:20px\"><\/div><div class=\"wpb_text_column\"><div class=\"wpb_wrapper\"><p><span style=\"font-family: verdana, geneva, sans-serif; font-size: 12pt;\"><b>Company<span style=\"font-weight: 400;\">:<\/span> <\/b>\u00a0Ven\u00e9rea<br \/><strong>Duration<\/strong>: 15\u2019<br \/><strong>Category<\/strong>: Dance<br \/><strong>Origin<\/strong>: Valencia \/ Basque Country<br \/><strong>Cast<\/strong>: Itxasai Mediavilla <\/span><span style=\"font-weight: 400; font-family: verdana, geneva, sans-serif;\">(director, performer); Sybila Guti\u00e9rrez (director, performer); In\u00e9s de la Iglesia (designer, light technician)<\/span><\/p>\n<p><span style=\"font-size: 10pt;\"><strong>VEN\u00c9REA <\/strong><\/span><span style=\"font-weight: 400; font-size: 10pt;\">is a contemporary dance company and cultural platform based in Valencia co-led by artists Itxa Sai and Sybila Guti\u00e9rrez. At the heart of their mission is the desire to accompany collective transformation through art and the body, generating loving and disruptive proposals that seek to restore trust in humanity and the planet. Since its recent origin in 2023, they have premiered two works (Urania Ultra and Mantra by night), and two participatory workshops (La danza como puerta al trance and CUERPO UMBRAL). These works have been presented and shared in Festival Circuito Bucles (Valencia), Festival Cartograf\u00edas En Movimiento (Galicia), Festival Abril en Danza (Elche) Festival Danzar la Sierra (Madrid), Spook Club (Valencia), Beta P\u00fablica (Madrid), En Almassora (Castell\u00f3n) as part of Impuls a la danza of the festival Danza Valencia, and in the Certamen coreogr\u00e1fico Pasoa2 (Madrid). In 2025 they are embarking on a new project, a large-scale work that will be premiered at the Carme Teatre at the end of April 2025.\u00a0 They also have the support of the Institut Valenci\u00e1 de Cultura and the Festival Danza Valencia for the development of their projects.<\/span><\/p>\n<\/div><\/div><\/div><\/div><\/div><\/div><\/section>\n","protected":false},"excerpt":{"rendered":"June 5th\u00a0 20.30 CAMPOS_KUPULA https:\/\/vvvenereaaa.com\/ @vvvenereaaa Ven\u00e9rea \/ Valencia- Euskal Herria With Mantra By Night mysticism, movement and frequency converge in a delicate rite of nocturnal flowering, where past and future merge into a single present moment.\u00a0 Two bodies that decide to descend into their inner selves, and in their first steps towards the great...","protected":false},"author":1,"featured_media":19167,"parent":0,"menu_order":0,"comment_status":"closed","ping_status":"closed","template":"","meta":{"_acf_changed":false,"footnotes":""},"class_list":["post-19661","page","type-page","status-publish","has-post-thumbnail","hentry"],"acf":[],"_links":{"self":[{"href":"https:\/\/actfestival.com\/en\/wp-json\/wp\/v2\/pages\/19661","targetHints":{"allow":["GET"]}}],"collection":[{"href":"https:\/\/actfestival.com\/en\/wp-json\/wp\/v2\/pages"}],"about":[{"href":"https:\/\/actfestival.com\/en\/wp-json\/wp\/v2\/types\/page"}],"author":[{"embeddable":true,"href":"https:\/\/actfestival.com\/en\/wp-json\/wp\/v2\/users\/1"}],"replies":[{"embeddable":true,"href":"https:\/\/actfestival.com\/en\/wp-json\/wp\/v2\/comments?post=19661"}],"version-history":[{"count":3,"href":"https:\/\/actfestival.com\/en\/wp-json\/wp\/v2\/pages\/19661\/revisions"}],"predecessor-version":[{"id":19957,"href":"https:\/\/actfestival.com\/en\/wp-json\/wp\/v2\/pages\/19661\/revisions\/19957"}],"wp:featuredmedia":[{"embeddable":true,"href":"https:\/\/actfestival.com\/en\/wp-json\/wp\/v2\/media\/19167"}],"wp:attachment":[{"href":"https:\/\/actfestival.com\/en\/wp-json\/wp\/v2\/media?parent=19661"}],"curies":[{"name":"wp","href":"https:\/\/api.w.org\/{rel}","templated":true}]}}

<section class="l-section wpb_row height_custom"><div class="l-section-h i-cf"><div class="g-cols vc_row via_grid cols_2 laptops-cols_inherit tablets-cols_inherit mobiles-cols_1 valign_top type_default stacking_default"><div class="wpb_column vc_column_container"><div class="vc_column-inner"><div class="w-separator size_custom" style="height:35px"></div><div class="w-image align_none"><div class="w-image-h"><img decoding="async" width="1024" height="657" src="https://actfestival.com/wp-content/uploads/2025/04/MANTRA-1-1024x657.jpg" class="attachment-large size-large" alt="" loading="lazy" srcset="https://actfestival.com/wp-content/uploads/2025/04/MANTRA-1-1024x657.jpg 1024w, https://actfestival.com/wp-content/uploads/2025/04/MANTRA-1-300x192.jpg 300w, https://actfestival.com/wp-content/uploads/2025/04/MANTRA-1-400x257.jpg 400w, https://actfestival.com/wp-content/uploads/2025/04/MANTRA-1-600x385.jpg 600w" sizes="auto, (max-width: 1024px) 100vw, 1024px" /></div></div><div class="w-separator size_custom" style="height:20px"></div><div class="wpb_text_column"><div class="wpb_wrapper"><p><strong> June 5th  20.30 CAMPOS_KUPULA</strong></p>
<p><a href="https://vvvenereaaa.com/">https://vvvenereaaa.com/</a></p>
<p><a href="https://www.instagram.com/vvvenereaaa/">@vvvenereaaa</a></p>
</div></div></div></div><div class="wpb_column vc_column_container"><div class="vc_column-inner"><div class="wpb_text_column"><div class="wpb_wrapper"><p><span style="font-size: 14pt;"><strong><span style="font-family: verdana, geneva, sans-serif;">Venérea / Valencia- Euskal Herria</span></strong></span></p>
<p>With<strong> Mantra By Night </strong><span style="font-weight: 400;">mysticism, movement and frequency converge in a delicate rite of nocturnal flowering, where past and future merge into a single present moment.  </span></p>
<p><span style="font-weight: 400;">Two bodies that decide to descend into their inner selves, and in their first steps towards the great below, they encounter a complex encrypted mantra. How do these bodies transform during the scene? Will they manage to free themselves from the beautiful artifice that envelops them?</span></p>
</div></div><div class="w-separator size_custom" style="height:20px"></div><div class="wpb_text_column"><div class="wpb_wrapper"><p><span style="font-family: verdana, geneva, sans-serif; font-size: 12pt;"><b>Company<span style="font-weight: 400;">:</span> </b> Venérea<br /><strong>Duration</strong>: 15’<br /><strong>Category</strong>: Dance<br /><strong>Origin</strong>: Valencia / Basque Country<br /><strong>Cast</strong>: Itxasai Mediavilla </span><span style="font-weight: 400; font-family: verdana, geneva, sans-serif;">(director, performer); Sybila Gutiérrez (director, performer); Inés de la Iglesia (designer, light technician)</span></p>
<p><span style="font-size: 10pt;"><strong>VENÉREA </strong></span><span style="font-weight: 400; font-size: 10pt;">is a contemporary dance company and cultural platform based in Valencia co-led by artists Itxa Sai and Sybila Gutiérrez. At the heart of their mission is the desire to accompany collective transformation through art and the body, generating loving and disruptive proposals that seek to restore trust in humanity and the planet. Since its recent origin in 2023, they have premiered two works (Urania Ultra and Mantra by night), and two participatory workshops (La danza como puerta al trance and CUERPO UMBRAL). These works have been presented and shared in Festival Circuito Bucles (Valencia), Festival Cartografías En Movimiento (Galicia), Festival Abril en Danza (Elche) Festival Danzar la Sierra (Madrid), Spook Club (Valencia), Beta Pública (Madrid), En Almassora (Castellón) as part of Impuls a la danza of the festival Danza Valencia, and in the Certamen coreográfico Pasoa2 (Madrid). In 2025 they are embarking on a new project, a large-scale work that will be premiered at the Carme Teatre at the end of April 2025.  They also have the support of the Institut Valenciá de Cultura and the Festival Danza Valencia for the development of their projects.</span></p>
</div></div></div></div></div></div></section>

June 5th  20.30 CAMPOS_KUPULA https://vvvenereaaa.com/ @vvvenereaaa Venérea / Valencia- Euskal Herria With Mantra By Night mysticism, movement and frequency converge in a delicate rite of nocturnal flowering, where past and future merge into a single present moment.  Two bodies that decide to descend into their inner selves, and in their first steps towards the great...
