{"id":19665,"date":"2025-04-17T13:03:07","date_gmt":"2025-04-17T12:03:07","guid":{"rendered":"https:\/\/actfestival.com\/?page_id=19665"},"modified":"2025-04-19T07:55:30","modified_gmt":"2025-04-19T06:55:30","slug":"balle-aux-pieds","status":"publish","type":"page","link":"https:\/\/actfestival.com\/en\/balle-aux-pieds\/","title":{"rendered":"Balle aux pieds"},"content":{"rendered":"<section class=\"l-section wpb_row height_custom\"><div class=\"l-section-h i-cf\"><div class=\"g-cols vc_row via_grid cols_2 laptops-cols_inherit tablets-cols_inherit mobiles-cols_1 valign_top type_default stacking_default\"><div class=\"wpb_column vc_column_container\"><div class=\"vc_column-inner\"><div class=\"w-separator size_custom\" style=\"height:35px\"><\/div><div class=\"w-image align_none\"><div class=\"w-image-h\"><img decoding=\"async\" width=\"1024\" height=\"683\" src=\"https:\/\/actfestival.com\/wp-content\/uploads\/2025\/04\/BALLE-AUX-PIEDS-2-1024x683.jpg\" class=\"attachment-large size-large\" alt=\"\" loading=\"lazy\" srcset=\"https:\/\/actfestival.com\/wp-content\/uploads\/2025\/04\/BALLE-AUX-PIEDS-2-1024x683.jpg 1024w, https:\/\/actfestival.com\/wp-content\/uploads\/2025\/04\/BALLE-AUX-PIEDS-2-300x200.jpg 300w, https:\/\/actfestival.com\/wp-content\/uploads\/2025\/04\/BALLE-AUX-PIEDS-2-400x267.jpg 400w, https:\/\/actfestival.com\/wp-content\/uploads\/2025\/04\/BALLE-AUX-PIEDS-2-600x400.jpg 600w, https:\/\/actfestival.com\/wp-content\/uploads\/2025\/04\/BALLE-AUX-PIEDS-2.jpg 1600w\" sizes=\"auto, (max-width: 1024px) 100vw, 1024px\" \/><\/div><\/div><div class=\"w-separator size_custom\" style=\"height:20px\"><\/div><div class=\"wpb_text_column\"><div class=\"wpb_wrapper\"><p><strong> June 5th\u00a0 20.30 CAMPOS_KUPULA<\/strong><\/p>\n<\/div><\/div><\/div><\/div><div class=\"wpb_column vc_column_container\"><div class=\"vc_column-inner\"><div class=\"wpb_text_column\"><div class=\"wpb_wrapper\"><p><span style=\"font-size: 14pt;\"><strong><span style=\"font-family: verdana, geneva, sans-serif;\">Lesg\u2019arts \/ Costa de Marfil<\/span><\/strong><\/span><\/p>\n<p><span style=\"font-size: 12pt;\">En este espect\u00e1culo se asocian principalmente dos campos interdisciplinares: el deporte (f\u00fatbol) y las artes esc\u00e9nicas (danza). De su encuentro nace una escritura h\u00edbrida, caracter\u00edstica de la creaci\u00f3n de BALLE AUX PIEDS. Los cuerpos se unen a los movimientos, los sonidos, las instalaciones y los objetos esc\u00e9nicos que los interconectan.<\/span><\/p>\n<\/div><\/div><div class=\"w-separator size_custom\" style=\"height:20px\"><\/div><div class=\"wpb_text_column\"><div class=\"wpb_wrapper\"><p><span style=\"font-family: verdana, geneva, sans-serif; font-size: 12pt;\"><b>Compa\u00f1\u00eda<span style=\"font-weight: 400;\">:<\/span> <\/b>\u00a0LESG\u2019ARTS<br \/>\n<strong>Duraci\u00f3n<\/strong>: 29\u2019<br \/>\n<strong>Categor\u00eda<\/strong>: Danza<br \/>\n<strong>Origen<\/strong>: Costa de Marfil<br \/>\n<strong>Cast<\/strong>: BROU Zeze Ahoussi Noel (Bailar\u00edn, int\u00e9rp); EGUE Esmel Jean Louis (Bailar\u00edn, int\u00e9rp); AGUIE Mambo Jean Constant (Bailar\u00edn, int\u00e9rprete); KONAN Tanguy N\u2019da Marius (Bailar\u00edn, int\u00e9rprete); KOUE Bi Zan Richard (Bailar\u00edn, int\u00e9rprete); AMARA Fofana (Tecnico de luces) ; COULIBALY Karidia (T\u00e9cnico de sonido)<\/span><\/p>\n<p><span style=\"font-size: 10pt;\">LESG&#8217;ARTS fue creada en 2013, es una empresa marfile\u00f1a con sede y residencia actual en Costa de Marfil (Abiy\u00e1n). De hecho, todos sus miembros residen actualmente en Abiy\u00e1n, Costa de Marfil. Su enfoque art\u00edstico pretende ser testigo de una danza afro-contempor\u00e1nea en plena emulaci\u00f3n, caracterizada por una energ\u00eda vigorizante. Esta danza mixta expresa una relaci\u00f3n muy interesante entre tradici\u00f3n y modernidad. Est\u00e1 especializada en danza contempor\u00e1nea. En los \u00faltimos a\u00f1os, ha sido una compa\u00f1\u00eda de media carrera, es decir, lleva m\u00e1s de 10 a\u00f1os existiendo en la escena local e internacional para el desarrollo de la danza en Costa de Marfil. Su relaci\u00f3n con la danza naci\u00f3 de un encuentro entre bailarines y desde entonces todos sus miembros comparten este amor por la danza que se ha convertido en su pasi\u00f3n de por vida. Valencia para el desarrollo de sus proyectos.<\/span><\/p>\n<\/div><\/div><\/div><\/div><\/div><\/div><\/section>\n","protected":false},"excerpt":{"rendered":"June 5th\u00a0 20.30 CAMPOS_KUPULA Lesg\u2019arts \/ Costa de Marfil En este espect\u00e1culo se asocian principalmente dos campos interdisciplinares: el deporte (f\u00fatbol) y las artes esc\u00e9nicas (danza). De su encuentro nace una escritura h\u00edbrida, caracter\u00edstica de la creaci\u00f3n de BALLE AUX PIEDS. Los cuerpos se unen a los movimientos, los sonidos, las instalaciones y los objetos...","protected":false},"author":1,"featured_media":19170,"parent":0,"menu_order":0,"comment_status":"closed","ping_status":"closed","template":"","meta":{"_acf_changed":false,"footnotes":""},"class_list":["post-19665","page","type-page","status-publish","has-post-thumbnail","hentry"],"acf":[],"_links":{"self":[{"href":"https:\/\/actfestival.com\/en\/wp-json\/wp\/v2\/pages\/19665","targetHints":{"allow":["GET"]}}],"collection":[{"href":"https:\/\/actfestival.com\/en\/wp-json\/wp\/v2\/pages"}],"about":[{"href":"https:\/\/actfestival.com\/en\/wp-json\/wp\/v2\/types\/page"}],"author":[{"embeddable":true,"href":"https:\/\/actfestival.com\/en\/wp-json\/wp\/v2\/users\/1"}],"replies":[{"embeddable":true,"href":"https:\/\/actfestival.com\/en\/wp-json\/wp\/v2\/comments?post=19665"}],"version-history":[{"count":1,"href":"https:\/\/actfestival.com\/en\/wp-json\/wp\/v2\/pages\/19665\/revisions"}],"predecessor-version":[{"id":19666,"href":"https:\/\/actfestival.com\/en\/wp-json\/wp\/v2\/pages\/19665\/revisions\/19666"}],"wp:featuredmedia":[{"embeddable":true,"href":"https:\/\/actfestival.com\/en\/wp-json\/wp\/v2\/media\/19170"}],"wp:attachment":[{"href":"https:\/\/actfestival.com\/en\/wp-json\/wp\/v2\/media?parent=19665"}],"curies":[{"name":"wp","href":"https:\/\/api.w.org\/{rel}","templated":true}]}}

<section class="l-section wpb_row height_custom"><div class="l-section-h i-cf"><div class="g-cols vc_row via_grid cols_2 laptops-cols_inherit tablets-cols_inherit mobiles-cols_1 valign_top type_default stacking_default"><div class="wpb_column vc_column_container"><div class="vc_column-inner"><div class="w-separator size_custom" style="height:35px"></div><div class="w-image align_none"><div class="w-image-h"><img decoding="async" width="1024" height="683" src="https://actfestival.com/wp-content/uploads/2025/04/BALLE-AUX-PIEDS-2-1024x683.jpg" class="attachment-large size-large" alt="" loading="lazy" srcset="https://actfestival.com/wp-content/uploads/2025/04/BALLE-AUX-PIEDS-2-1024x683.jpg 1024w, https://actfestival.com/wp-content/uploads/2025/04/BALLE-AUX-PIEDS-2-300x200.jpg 300w, https://actfestival.com/wp-content/uploads/2025/04/BALLE-AUX-PIEDS-2-400x267.jpg 400w, https://actfestival.com/wp-content/uploads/2025/04/BALLE-AUX-PIEDS-2-600x400.jpg 600w, https://actfestival.com/wp-content/uploads/2025/04/BALLE-AUX-PIEDS-2.jpg 1600w" sizes="auto, (max-width: 1024px) 100vw, 1024px" /></div></div><div class="w-separator size_custom" style="height:20px"></div><div class="wpb_text_column"><div class="wpb_wrapper"><p><strong> June 5th  20.30 CAMPOS_KUPULA</strong></p>
</div></div></div></div><div class="wpb_column vc_column_container"><div class="vc_column-inner"><div class="wpb_text_column"><div class="wpb_wrapper"><p><span style="font-size: 14pt;"><strong><span style="font-family: verdana, geneva, sans-serif;">Lesg’arts / Costa de Marfil</span></strong></span></p>
<p><span style="font-size: 12pt;">En este espectáculo se asocian principalmente dos campos interdisciplinares: el deporte (fútbol) y las artes escénicas (danza). De su encuentro nace una escritura híbrida, característica de la creación de BALLE AUX PIEDS. Los cuerpos se unen a los movimientos, los sonidos, las instalaciones y los objetos escénicos que los interconectan.</span></p>
</div></div><div class="w-separator size_custom" style="height:20px"></div><div class="wpb_text_column"><div class="wpb_wrapper"><p><span style="font-family: verdana, geneva, sans-serif; font-size: 12pt;"><b>Compañía<span style="font-weight: 400;">:</span> </b> LESG’ARTS<br />
<strong>Duración</strong>: 29’<br />
<strong>Categoría</strong>: Danza<br />
<strong>Origen</strong>: Costa de Marfil<br />
<strong>Cast</strong>: BROU Zeze Ahoussi Noel (Bailarín, intérp); EGUE Esmel Jean Louis (Bailarín, intérp); AGUIE Mambo Jean Constant (Bailarín, intérprete); KONAN Tanguy N’da Marius (Bailarín, intérprete); KOUE Bi Zan Richard (Bailarín, intérprete); AMARA Fofana (Tecnico de luces) ; COULIBALY Karidia (Técnico de sonido)</span></p>
<p><span style="font-size: 10pt;">LESG&#8217;ARTS fue creada en 2013, es una empresa marfileña con sede y residencia actual en Costa de Marfil (Abiyán). De hecho, todos sus miembros residen actualmente en Abiyán, Costa de Marfil. Su enfoque artístico pretende ser testigo de una danza afro-contemporánea en plena emulación, caracterizada por una energía vigorizante. Esta danza mixta expresa una relación muy interesante entre tradición y modernidad. Está especializada en danza contemporánea. En los últimos años, ha sido una compañía de media carrera, es decir, lleva más de 10 años existiendo en la escena local e internacional para el desarrollo de la danza en Costa de Marfil. Su relación con la danza nació de un encuentro entre bailarines y desde entonces todos sus miembros comparten este amor por la danza que se ha convertido en su pasión de por vida. Valencia para el desarrollo de sus proyectos.</span></p>
</div></div></div></div></div></div></section>

June 5th  20.30 CAMPOS_KUPULA Lesg’arts / Costa de Marfil En este espectáculo se asocian principalmente dos campos interdisciplinares: el deporte (fútbol) y las artes escénicas (danza). De su encuentro nace una escritura híbrida, característica de la creación de BALLE AUX PIEDS. Los cuerpos se unen a los movimientos, los sonidos, las instalaciones y los objetos...
