{"id":16228,"date":"2023-04-27T11:01:25","date_gmt":"2023-04-27T10:01:25","guid":{"rendered":"https:\/\/actfestival.com\/?page_id=16228"},"modified":"2023-05-25T13:49:35","modified_gmt":"2023-05-25T12:49:35","slug":"finale","status":"publish","type":"page","link":"https:\/\/actfestival.com\/eu\/finale\/","title":{"rendered":"Finale &#8211; Delrev\u00e9s"},"content":{"rendered":"<section class=\"l-section wpb_row height_custom\"><div class=\"l-section-h i-cf\"><div class=\"g-cols vc_row via_grid cols_2 laptops-cols_inherit tablets-cols_inherit mobiles-cols_1 valign_top type_default stacking_default\"><div class=\"wpb_column vc_column_container us_custom_6217dcc9\"><div class=\"vc_column-inner\"><div class=\"w-separator size_custom\" style=\"height:35px\"><\/div><div class=\"w-image us_custom_0c6ed40b us_animate_this hide_on_tablets hide_on_mobiles align_none\"><div class=\"w-image-h\"><img decoding=\"async\" width=\"1024\" height=\"697\" src=\"https:\/\/actfestival.com\/wp-content\/uploads\/2023\/05\/finale-1-1024x697.jpg\" class=\"attachment-large size-large\" alt=\"\" loading=\"lazy\" srcset=\"https:\/\/actfestival.com\/wp-content\/uploads\/2023\/05\/finale-1-1024x697.jpg 1024w, https:\/\/actfestival.com\/wp-content\/uploads\/2023\/05\/finale-1-300x204.jpg 300w, https:\/\/actfestival.com\/wp-content\/uploads\/2023\/05\/finale-1-400x272.jpg 400w, https:\/\/actfestival.com\/wp-content\/uploads\/2023\/05\/finale-1-588x400.jpg 588w, https:\/\/actfestival.com\/wp-content\/uploads\/2023\/05\/finale-1.jpg 1469w\" sizes=\"auto, (max-width: 1024px) 100vw, 1024px\" \/><\/div><\/div><div class=\"w-image us_custom_82259c9b us_animate_this hide_on_default hide_on_laptops align_none\"><div class=\"w-image-h\"><img decoding=\"async\" width=\"1024\" height=\"697\" src=\"https:\/\/actfestival.com\/wp-content\/uploads\/2023\/05\/finale-1-1024x697.jpg\" class=\"attachment-large size-large\" alt=\"\" loading=\"lazy\" srcset=\"https:\/\/actfestival.com\/wp-content\/uploads\/2023\/05\/finale-1-1024x697.jpg 1024w, https:\/\/actfestival.com\/wp-content\/uploads\/2023\/05\/finale-1-300x204.jpg 300w, https:\/\/actfestival.com\/wp-content\/uploads\/2023\/05\/finale-1-400x272.jpg 400w, https:\/\/actfestival.com\/wp-content\/uploads\/2023\/05\/finale-1-588x400.jpg 588w, https:\/\/actfestival.com\/wp-content\/uploads\/2023\/05\/finale-1.jpg 1469w\" sizes=\"auto, (max-width: 1024px) 100vw, 1024px\" \/><\/div><\/div><div class=\"w-separator hide_on_tablets hide_on_mobiles size_custom\" style=\"height:35px\"><\/div><div class=\"w-btn-wrapper align_none hide_on_tablets hide_on_mobiles\"><a class=\"w-btn us-btn-style_1\" href=\"#\"><span class=\"w-btn-label\">Dohainik<\/span><\/a><\/div><\/div><\/div><div class=\"wpb_column vc_column_container\"><div class=\"vc_column-inner\"><div class=\"wpb_text_column us_custom_1846d316\"><div class=\"wpb_wrapper\"><p style=\"text-align: left;\"><span style=\"font-family: verdana, geneva, sans-serif; font-size: 24pt;\"><strong>Finale<\/strong><\/span><\/p>\n<\/div><\/div><div class=\"w-separator size_custom\" style=\"height:20px\"><\/div><div class=\"wpb_text_column us_custom_e5aea6d2\"><div class=\"wpb_wrapper\"><p><em>Finale dantza klasikoko pieza bat da, arkitektura mugimenduaren euskarri gisa erabiltzen duena. Lan honek aurreko proiektuarekin hasi zen ikerketa-prozesu baten azken emaitza irudikatzen du, &#8220;Uno&#8221;, non dantza klasikoko sekuentziak txertatzen ditugun. Diziplina hau plano bertikal batera egokitu ondoren eta bere aukerei erreparatuz, ikerketa honekin jarraitu dugu, pieza honen sorkuntza garatu arte. &#8220;Finale&#8221;k espazio eszeniko berri batean dantza klasikoaz gozatzeko aukera eskaintzen dio ikusleari, testuingurutik kanpo utziz, ballet bat hiriko fatxada batera edo espazio natural batera eramanez. Publikoak identifikatuko dituen pieza klasiko ospetsuak erreproduzitzen ditu, besteak beste, El lago de los cisnes (Beltxargen aintzira), El cascanueces (Kaskamotza) eta Giselle (Giselle) balletetako elementuak bilduz.<\/em><\/p>\n<\/div><\/div><div class=\"w-separator size_custom\" style=\"height:20px\"><\/div><div class=\"wpb_text_column us_custom_5df6a7e2\"><div class=\"wpb_wrapper\"><p><span style=\"font-family: verdana, geneva, sans-serif; font-size: 12pt;\"><b>Konpainia<\/b><span style=\"font-weight: 400;\">: <a href=\"https:\/\/www.del-reves.com\/?lang=es\">Delrev\u00e9s, C\u00eda. de danza vertical<\/a><\/span><\/span><br \/>\n<span style=\"font-family: verdana, geneva, sans-serif; font-size: 12pt;\"><b>Iraupena: <\/b>20\u2019<\/span><br \/>\n<span style=\"font-family: verdana, geneva, sans-serif; font-size: 12pt;\"><b>Hizkuntza:<\/b> Testurik gabe<\/span><br \/>\n<span style=\"font-family: verdana, geneva, sans-serif; font-size: 12pt;\"><strong>Categor\u00eda<\/strong>: Dantza bertikala<\/span><br \/>\n<span style=\"font-family: verdana, geneva, sans-serif; font-size: 12pt;\"><b>Jatorria<\/b><span style=\"font-weight: 400;\">: Catalunya<\/span><\/span><br \/>\n<span style=\"font-family: verdana, geneva, sans-serif; font-size: 12pt;\"><b>Cast:<\/b>Saioa Fern\u00e1ndez eta Sheila Ferrer (Zuzendaritza eta interpretazioa); Camille Saint-Sa\u00ebns eta Tchaikovsky (Musika); Frank D\u00edaz (Argazkilaritza); Gen\u00eds Morral (Teknikaria).<\/span><\/p>\n<\/div><\/div><div class=\"w-separator size_custom\" style=\"height:20px\"><\/div><div class=\"wpb_text_column us_custom_e5aea6d2\"><div class=\"wpb_wrapper\"><p><span style=\"font-weight: 400; font-family: verdana, geneva, sans-serif;\"><strong>Delrev\u00e9s, dantza bertikaleko konpainia<\/strong>, Bartzelonan Saioa Fernandezek eta Duardo Torresek sortua, 2007aren erdialdean hasi zuen bere ibilbide artistikoa. 15 urte hauetan zehar, Delrev\u00e9s-ek nazioarteko ibilbide sendoa egin du, 4 kontinenteetan zehar bere lana erakutsiz. Dantza bertikalaren diziplinaren ikuspegi berri bat emanez, Delrev\u00e9s lengoaia propio eta berritzaile baten sortzailea da, hau dela eta ezagutuak eta baloratuak dira.<\/span><\/p>\n<p>2006an ACTn parte hartu zutenetik, Delrev\u00e9s taldeak ibilbide arrakastatsua egin du, bai estatu mailan, bai nazioartean. 2019an, adibidez, T\u00e0rregako Jaialdia ireki zuen, edo Umore Azokan Kale Ikuskizun Onenaren Lehen Saria jaso zuen, beste mugarri batzuen artean.<\/p>\n<\/div><\/div><div class=\"w-separator size_custom\" style=\"height:35px\"><\/div><div class=\"w-btn-wrapper align_left hide_on_default hide_on_laptops\"><a class=\"w-btn us-btn-style_1 us_custom_5244b821 us_animate_this\" href=\"#\"><span class=\"w-btn-label\">Dohainik<\/span><\/a><\/div><\/div><\/div><\/div><\/div><\/section>\n","protected":false},"excerpt":{"rendered":"DohainikFinale Finale dantza klasikoko pieza bat da, arkitektura mugimenduaren euskarri gisa erabiltzen duena. Lan honek aurreko proiektuarekin hasi zen ikerketa-prozesu baten azken emaitza irudikatzen du, &#8220;Uno&#8221;, non dantza klasikoko sekuentziak txertatzen ditugun. Diziplina hau plano bertikal batera egokitu ondoren eta bere aukerei erreparatuz, ikerketa honekin jarraitu dugu, pieza honen sorkuntza garatu arte. &#8220;Finale&#8221;k espazio eszeniko...","protected":false},"author":1,"featured_media":16548,"parent":0,"menu_order":0,"comment_status":"closed","ping_status":"closed","template":"","meta":{"_acf_changed":false,"footnotes":""},"class_list":["post-16228","page","type-page","status-publish","has-post-thumbnail","hentry"],"acf":[],"_links":{"self":[{"href":"https:\/\/actfestival.com\/eu\/wp-json\/wp\/v2\/pages\/16228","targetHints":{"allow":["GET"]}}],"collection":[{"href":"https:\/\/actfestival.com\/eu\/wp-json\/wp\/v2\/pages"}],"about":[{"href":"https:\/\/actfestival.com\/eu\/wp-json\/wp\/v2\/types\/page"}],"author":[{"embeddable":true,"href":"https:\/\/actfestival.com\/eu\/wp-json\/wp\/v2\/users\/1"}],"replies":[{"embeddable":true,"href":"https:\/\/actfestival.com\/eu\/wp-json\/wp\/v2\/comments?post=16228"}],"version-history":[{"count":6,"href":"https:\/\/actfestival.com\/eu\/wp-json\/wp\/v2\/pages\/16228\/revisions"}],"predecessor-version":[{"id":16625,"href":"https:\/\/actfestival.com\/eu\/wp-json\/wp\/v2\/pages\/16228\/revisions\/16625"}],"wp:featuredmedia":[{"embeddable":true,"href":"https:\/\/actfestival.com\/eu\/wp-json\/wp\/v2\/media\/16548"}],"wp:attachment":[{"href":"https:\/\/actfestival.com\/eu\/wp-json\/wp\/v2\/media?parent=16228"}],"curies":[{"name":"wp","href":"https:\/\/api.w.org\/{rel}","templated":true}]}}

Finale &#8211; Delrevés

<section class="l-section wpb_row height_custom"><div class="l-section-h i-cf"><div class="g-cols vc_row via_grid cols_2 laptops-cols_inherit tablets-cols_inherit mobiles-cols_1 valign_top type_default stacking_default"><div class="wpb_column vc_column_container us_custom_6217dcc9"><div class="vc_column-inner"><div class="w-separator size_custom" style="height:35px"></div><div class="w-image us_custom_0c6ed40b us_animate_this hide_on_tablets hide_on_mobiles align_none"><div class="w-image-h"><img decoding="async" width="1024" height="697" src="https://actfestival.com/wp-content/uploads/2023/05/finale-1-1024x697.jpg" class="attachment-large size-large" alt="" loading="lazy" srcset="https://actfestival.com/wp-content/uploads/2023/05/finale-1-1024x697.jpg 1024w, https://actfestival.com/wp-content/uploads/2023/05/finale-1-300x204.jpg 300w, https://actfestival.com/wp-content/uploads/2023/05/finale-1-400x272.jpg 400w, https://actfestival.com/wp-content/uploads/2023/05/finale-1-588x400.jpg 588w, https://actfestival.com/wp-content/uploads/2023/05/finale-1.jpg 1469w" sizes="auto, (max-width: 1024px) 100vw, 1024px" /></div></div><div class="w-image us_custom_82259c9b us_animate_this hide_on_default hide_on_laptops align_none"><div class="w-image-h"><img decoding="async" width="1024" height="697" src="https://actfestival.com/wp-content/uploads/2023/05/finale-1-1024x697.jpg" class="attachment-large size-large" alt="" loading="lazy" srcset="https://actfestival.com/wp-content/uploads/2023/05/finale-1-1024x697.jpg 1024w, https://actfestival.com/wp-content/uploads/2023/05/finale-1-300x204.jpg 300w, https://actfestival.com/wp-content/uploads/2023/05/finale-1-400x272.jpg 400w, https://actfestival.com/wp-content/uploads/2023/05/finale-1-588x400.jpg 588w, https://actfestival.com/wp-content/uploads/2023/05/finale-1.jpg 1469w" sizes="auto, (max-width: 1024px) 100vw, 1024px" /></div></div><div class="w-separator hide_on_tablets hide_on_mobiles size_custom" style="height:35px"></div><div class="w-btn-wrapper align_none hide_on_tablets hide_on_mobiles"><a class="w-btn us-btn-style_1" href="#"><span class="w-btn-label">Dohainik</span></a></div></div></div><div class="wpb_column vc_column_container"><div class="vc_column-inner"><div class="wpb_text_column us_custom_1846d316"><div class="wpb_wrapper"><p style="text-align: left;"><span style="font-family: verdana, geneva, sans-serif; font-size: 24pt;"><strong>Finale</strong></span></p>
</div></div><div class="w-separator size_custom" style="height:20px"></div><div class="wpb_text_column us_custom_e5aea6d2"><div class="wpb_wrapper"><p><em>Finale dantza klasikoko pieza bat da, arkitektura mugimenduaren euskarri gisa erabiltzen duena. Lan honek aurreko proiektuarekin hasi zen ikerketa-prozesu baten azken emaitza irudikatzen du, &#8220;Uno&#8221;, non dantza klasikoko sekuentziak txertatzen ditugun. Diziplina hau plano bertikal batera egokitu ondoren eta bere aukerei erreparatuz, ikerketa honekin jarraitu dugu, pieza honen sorkuntza garatu arte. &#8220;Finale&#8221;k espazio eszeniko berri batean dantza klasikoaz gozatzeko aukera eskaintzen dio ikusleari, testuingurutik kanpo utziz, ballet bat hiriko fatxada batera edo espazio natural batera eramanez. Publikoak identifikatuko dituen pieza klasiko ospetsuak erreproduzitzen ditu, besteak beste, El lago de los cisnes (Beltxargen aintzira), El cascanueces (Kaskamotza) eta Giselle (Giselle) balletetako elementuak bilduz.</em></p>
</div></div><div class="w-separator size_custom" style="height:20px"></div><div class="wpb_text_column us_custom_5df6a7e2"><div class="wpb_wrapper"><p><span style="font-family: verdana, geneva, sans-serif; font-size: 12pt;"><b>Konpainia</b><span style="font-weight: 400;">: <a href="https://www.del-reves.com/?lang=es">Delrevés, Cía. de danza vertical</a></span></span><br />
<span style="font-family: verdana, geneva, sans-serif; font-size: 12pt;"><b>Iraupena: </b>20’</span><br />
<span style="font-family: verdana, geneva, sans-serif; font-size: 12pt;"><b>Hizkuntza:</b> Testurik gabe</span><br />
<span style="font-family: verdana, geneva, sans-serif; font-size: 12pt;"><strong>Categoría</strong>: Dantza bertikala</span><br />
<span style="font-family: verdana, geneva, sans-serif; font-size: 12pt;"><b>Jatorria</b><span style="font-weight: 400;">: Catalunya</span></span><br />
<span style="font-family: verdana, geneva, sans-serif; font-size: 12pt;"><b>Cast:</b>Saioa Fernández eta Sheila Ferrer (Zuzendaritza eta interpretazioa); Camille Saint-Saëns eta Tchaikovsky (Musika); Frank Díaz (Argazkilaritza); Genís Morral (Teknikaria).</span></p>
</div></div><div class="w-separator size_custom" style="height:20px"></div><div class="wpb_text_column us_custom_e5aea6d2"><div class="wpb_wrapper"><p><span style="font-weight: 400; font-family: verdana, geneva, sans-serif;"><strong>Delrevés, dantza bertikaleko konpainia</strong>, Bartzelonan Saioa Fernandezek eta Duardo Torresek sortua, 2007aren erdialdean hasi zuen bere ibilbide artistikoa. 15 urte hauetan zehar, Delrevés-ek nazioarteko ibilbide sendoa egin du, 4 kontinenteetan zehar bere lana erakutsiz. Dantza bertikalaren diziplinaren ikuspegi berri bat emanez, Delrevés lengoaia propio eta berritzaile baten sortzailea da, hau dela eta ezagutuak eta baloratuak dira.</span></p>
<p>2006an ACTn parte hartu zutenetik, Delrevés taldeak ibilbide arrakastatsua egin du, bai estatu mailan, bai nazioartean. 2019an, adibidez, Tàrregako Jaialdia ireki zuen, edo Umore Azokan Kale Ikuskizun Onenaren Lehen Saria jaso zuen, beste mugarri batzuen artean.</p>
</div></div><div class="w-separator size_custom" style="height:35px"></div><div class="w-btn-wrapper align_left hide_on_default hide_on_laptops"><a class="w-btn us-btn-style_1 us_custom_5244b821 us_animate_this" href="#"><span class="w-btn-label">Dohainik</span></a></div></div></div></div></div></section>
