{"id":19667,"date":"2025-04-17T16:08:16","date_gmt":"2025-04-17T15:08:16","guid":{"rendered":"https:\/\/actfestival.com\/?page_id=19667"},"modified":"2025-04-26T10:48:26","modified_gmt":"2025-04-26T09:48:26","slug":"unspoken-queens","status":"publish","type":"page","link":"https:\/\/actfestival.com\/eu\/unspoken-queens\/","title":{"rendered":"Unspoken Queens"},"content":{"rendered":"<section class=\"l-section wpb_row height_custom\"><div class=\"l-section-h i-cf\"><div class=\"g-cols vc_row via_grid cols_2 laptops-cols_inherit tablets-cols_inherit mobiles-cols_1 valign_top type_default stacking_default\"><div class=\"wpb_column vc_column_container\"><div class=\"vc_column-inner\"><div class=\"w-separator size_custom\" style=\"height:35px\"><\/div><div class=\"w-image align_none\"><div class=\"w-image-h\"><img decoding=\"async\" width=\"768\" height=\"1024\" src=\"https:\/\/actfestival.com\/wp-content\/uploads\/2025\/04\/2_UNSPOKEN-QUEENS-02-Ra-im-768x1024.jpg\" class=\"attachment-large size-large\" alt=\"\" loading=\"lazy\" srcset=\"https:\/\/actfestival.com\/wp-content\/uploads\/2025\/04\/2_UNSPOKEN-QUEENS-02-Ra-im-768x1024.jpg 768w, https:\/\/actfestival.com\/wp-content\/uploads\/2025\/04\/2_UNSPOKEN-QUEENS-02-Ra-im-225x300.jpg 225w, https:\/\/actfestival.com\/wp-content\/uploads\/2025\/04\/2_UNSPOKEN-QUEENS-02-Ra-im-400x533.jpg 400w, https:\/\/actfestival.com\/wp-content\/uploads\/2025\/04\/2_UNSPOKEN-QUEENS-02-Ra-im-300x400.jpg 300w, https:\/\/actfestival.com\/wp-content\/uploads\/2025\/04\/2_UNSPOKEN-QUEENS-02-Ra-im-scaled.jpg 1920w\" sizes=\"auto, (max-width: 768px) 100vw, 768px\" \/><\/div><\/div><div class=\"w-separator size_custom\" style=\"height:20px\"><\/div><div class=\"wpb_text_column\"><div class=\"wpb_wrapper\"><p><strong> Ekainak 6\u00a0 21.00 CAMPOS_KUPULA<\/strong><\/p>\n<p><a href=\"https:\/\/www.facebook.com\/people\/ZANKORA\/100086972228348\/\">facebook<\/a><\/p>\n<\/div><\/div><\/div><\/div><div class=\"wpb_column vc_column_container\"><div class=\"vc_column-inner\"><div class=\"wpb_text_column\"><div class=\"wpb_wrapper\"><p><span style=\"font-size: 14pt;\"><strong><span style=\"font-family: verdana, geneva, sans-serif;\">ZAN \u0301KORA \/ Kamerun<\/span><\/strong><\/span><\/p>\n<p>Emakumeak, denboraren tapizean ahaztutako izarrak. Hala ere, bere argiak denboran argitu du. Kleopatratik Hedy Lamarrera, bere ondareak irauten du. Ospa dezagun haien ondarea biharko emakumeen bidea argitzeko.<\/p>\n<\/div><\/div><div class=\"w-separator size_custom\" style=\"height:20px\"><\/div><div class=\"wpb_text_column\"><div class=\"wpb_wrapper\"><p><span style=\"font-family: verdana, geneva, sans-serif; font-size: 12pt;\"><b>Taldea<span style=\"font-weight: 400;\">:<\/span> <\/b>ZAN&#8217;KORA<br \/>\n<strong>Iraupena<\/strong>: 11\u2019<br \/>\n<strong>Mota<\/strong>: Dantza<br \/>\n<strong>Jatorria<\/strong>: Kamerun<br \/>\n<strong>Cast<\/strong>: Charly &#8220;R\u00e2-im&#8221; Mintya (Core\u00f3grafo); Beatrice Annette Ntsoli Buillong (Int\u00e9rprete)<\/span><\/p>\n<p><span style=\"font-size: 10pt;\">ZAN &#8216;KORA 2021ean sortu zuen Charly Mintya dantzari eta koreografoak, &#8220;R\u00e2-im&#8221; ezizenarekin ezagunagoa, topaleku eta adierazpen artistiko ezberdin eta askotarikoa da, eta bere ardatzak afrikar kultura, urbano, garaikide eta espiritualtasun unibertsala dira. Konpainiaren lehen proiektua, &#8220;HIRIKO OIHANA&#8221; izenekoa, 2022an sortu zen. Konpainiaren bigarren proiektua, &#8220;MINSISSIM&#8221; izenekoa, 2023an hasi zen eta erdi-finalista izan zen &#8220;CHOREOGRAPHY38 &#8211; INTERNATIONAL CHOREOGRAPHIC COMPETITION HANNOVER 2024&#8221; delakoan. Konpainiaren hirugarren proiektua, &#8220;UNSPOKEN QUEENS&#8221; izenekoa, garatzen ari den proiektua da.\u00a0 &#8220;Pauso bat&#8230; Kultura bat&#8230; Mundu bat &#8220;enpresaren kredoa da.<\/span><\/p>\n<\/div><\/div><\/div><\/div><\/div><\/div><\/section>\n","protected":false},"excerpt":{"rendered":"Ekainak 6\u00a0 21.00 CAMPOS_KUPULA facebook ZAN \u0301KORA \/ Kamerun Emakumeak, denboraren tapizean ahaztutako izarrak. Hala ere, bere argiak denboran argitu du. Kleopatratik Hedy Lamarrera, bere ondareak irauten du. Ospa dezagun haien ondarea biharko emakumeen bidea argitzeko. Taldea: ZAN&#8217;KORA Iraupena: 11\u2019 Mota: Dantza Jatorria: Kamerun Cast: Charly &#8220;R\u00e2-im&#8221; Mintya (Core\u00f3grafo); Beatrice Annette Ntsoli Buillong (Int\u00e9rprete) ZAN...","protected":false},"author":1,"featured_media":19191,"parent":0,"menu_order":0,"comment_status":"closed","ping_status":"closed","template":"","meta":{"_acf_changed":false,"footnotes":""},"class_list":["post-19667","page","type-page","status-publish","has-post-thumbnail","hentry"],"acf":[],"_links":{"self":[{"href":"https:\/\/actfestival.com\/eu\/wp-json\/wp\/v2\/pages\/19667","targetHints":{"allow":["GET"]}}],"collection":[{"href":"https:\/\/actfestival.com\/eu\/wp-json\/wp\/v2\/pages"}],"about":[{"href":"https:\/\/actfestival.com\/eu\/wp-json\/wp\/v2\/types\/page"}],"author":[{"embeddable":true,"href":"https:\/\/actfestival.com\/eu\/wp-json\/wp\/v2\/users\/1"}],"replies":[{"embeddable":true,"href":"https:\/\/actfestival.com\/eu\/wp-json\/wp\/v2\/comments?post=19667"}],"version-history":[{"count":4,"href":"https:\/\/actfestival.com\/eu\/wp-json\/wp\/v2\/pages\/19667\/revisions"}],"predecessor-version":[{"id":19877,"href":"https:\/\/actfestival.com\/eu\/wp-json\/wp\/v2\/pages\/19667\/revisions\/19877"}],"wp:featuredmedia":[{"embeddable":true,"href":"https:\/\/actfestival.com\/eu\/wp-json\/wp\/v2\/media\/19191"}],"wp:attachment":[{"href":"https:\/\/actfestival.com\/eu\/wp-json\/wp\/v2\/media?parent=19667"}],"curies":[{"name":"wp","href":"https:\/\/api.w.org\/{rel}","templated":true}]}}

<section class="l-section wpb_row height_custom"><div class="l-section-h i-cf"><div class="g-cols vc_row via_grid cols_2 laptops-cols_inherit tablets-cols_inherit mobiles-cols_1 valign_top type_default stacking_default"><div class="wpb_column vc_column_container"><div class="vc_column-inner"><div class="w-separator size_custom" style="height:35px"></div><div class="w-image align_none"><div class="w-image-h"><img decoding="async" width="768" height="1024" src="https://actfestival.com/wp-content/uploads/2025/04/2_UNSPOKEN-QUEENS-02-Ra-im-768x1024.jpg" class="attachment-large size-large" alt="" loading="lazy" srcset="https://actfestival.com/wp-content/uploads/2025/04/2_UNSPOKEN-QUEENS-02-Ra-im-768x1024.jpg 768w, https://actfestival.com/wp-content/uploads/2025/04/2_UNSPOKEN-QUEENS-02-Ra-im-225x300.jpg 225w, https://actfestival.com/wp-content/uploads/2025/04/2_UNSPOKEN-QUEENS-02-Ra-im-400x533.jpg 400w, https://actfestival.com/wp-content/uploads/2025/04/2_UNSPOKEN-QUEENS-02-Ra-im-300x400.jpg 300w, https://actfestival.com/wp-content/uploads/2025/04/2_UNSPOKEN-QUEENS-02-Ra-im-scaled.jpg 1920w" sizes="auto, (max-width: 768px) 100vw, 768px" /></div></div><div class="w-separator size_custom" style="height:20px"></div><div class="wpb_text_column"><div class="wpb_wrapper"><p><strong> Ekainak 6  21.00 CAMPOS_KUPULA</strong></p>
<p><a href="https://www.facebook.com/people/ZANKORA/100086972228348/">facebook</a></p>
</div></div></div></div><div class="wpb_column vc_column_container"><div class="vc_column-inner"><div class="wpb_text_column"><div class="wpb_wrapper"><p><span style="font-size: 14pt;"><strong><span style="font-family: verdana, geneva, sans-serif;">ZAN ́KORA / Kamerun</span></strong></span></p>
<p>Emakumeak, denboraren tapizean ahaztutako izarrak. Hala ere, bere argiak denboran argitu du. Kleopatratik Hedy Lamarrera, bere ondareak irauten du. Ospa dezagun haien ondarea biharko emakumeen bidea argitzeko.</p>
</div></div><div class="w-separator size_custom" style="height:20px"></div><div class="wpb_text_column"><div class="wpb_wrapper"><p><span style="font-family: verdana, geneva, sans-serif; font-size: 12pt;"><b>Taldea<span style="font-weight: 400;">:</span> </b>ZAN&#8217;KORA<br />
<strong>Iraupena</strong>: 11’<br />
<strong>Mota</strong>: Dantza<br />
<strong>Jatorria</strong>: Kamerun<br />
<strong>Cast</strong>: Charly &#8220;Râ-im&#8221; Mintya (Coreógrafo); Beatrice Annette Ntsoli Buillong (Intérprete)</span></p>
<p><span style="font-size: 10pt;">ZAN &#8216;KORA 2021ean sortu zuen Charly Mintya dantzari eta koreografoak, &#8220;Râ-im&#8221; ezizenarekin ezagunagoa, topaleku eta adierazpen artistiko ezberdin eta askotarikoa da, eta bere ardatzak afrikar kultura, urbano, garaikide eta espiritualtasun unibertsala dira. Konpainiaren lehen proiektua, &#8220;HIRIKO OIHANA&#8221; izenekoa, 2022an sortu zen. Konpainiaren bigarren proiektua, &#8220;MINSISSIM&#8221; izenekoa, 2023an hasi zen eta erdi-finalista izan zen &#8220;CHOREOGRAPHY38 &#8211; INTERNATIONAL CHOREOGRAPHIC COMPETITION HANNOVER 2024&#8221; delakoan. Konpainiaren hirugarren proiektua, &#8220;UNSPOKEN QUEENS&#8221; izenekoa, garatzen ari den proiektua da.  &#8220;Pauso bat&#8230; Kultura bat&#8230; Mundu bat &#8220;enpresaren kredoa da.</span></p>
</div></div></div></div></div></div></section>

Ekainak 6  21.00 CAMPOS_KUPULA facebook ZAN ́KORA / Kamerun Emakumeak, denboraren tapizean ahaztutako izarrak. Hala ere, bere argiak denboran argitu du. Kleopatratik Hedy Lamarrera, bere ondareak irauten du. Ospa dezagun haien ondarea biharko emakumeen bidea argitzeko. Taldea: ZAN&#8217;KORA Iraupena: 11’ Mota: Dantza Jatorria: Kamerun Cast: Charly &#8220;Râ-im&#8221; Mintya (Coreógrafo); Beatrice Annette Ntsoli Buillong (Intérprete) ZAN...
